{"id":2,"date":"2025-08-10T10:28:23","date_gmt":"2025-08-10T10:28:23","guid":{"rendered":"http:\/\/_\/?page_id=2"},"modified":"2025-08-11T09:00:37","modified_gmt":"2025-08-11T09:00:37","slug":"inicio","status":"publish","type":"page","link":"https:\/\/sietemasuno.com\/","title":{"rendered":"Inicio"},"content":{"rendered":"\n<figure class=\"wp-block-image alignfull size-large\"><img loading=\"lazy\" decoding=\"async\" width=\"1024\" height=\"683\" src=\"https:\/\/sietemasuno.com\/wp-content\/uploads\/2025\/08\/2022-020-71-194-1024x683.jpg\" alt=\"\" class=\"wp-image-11\" srcset=\"https:\/\/sietemasuno.com\/wp-content\/uploads\/2025\/08\/2022-020-71-194-1024x683.jpg 1024w, https:\/\/sietemasuno.com\/wp-content\/uploads\/2025\/08\/2022-020-71-194-300x200.jpg 300w, https:\/\/sietemasuno.com\/wp-content\/uploads\/2025\/08\/2022-020-71-194-768x512.jpg 768w, https:\/\/sietemasuno.com\/wp-content\/uploads\/2025\/08\/2022-020-71-194-1536x1024.jpg 1536w, https:\/\/sietemasuno.com\/wp-content\/uploads\/2025\/08\/2022-020-71-194-2048x1365.jpg 2048w\" sizes=\"auto, (max-width: 1024px) 100vw, 1024px\" \/><\/figure>\n\n\n\n<p>Sietem\u00e1suno es un grupo vocal a cappela que naci\u00f3 en 2012 en Granada.<\/p>\n\n\n\n<p>Interpreta grandes \u00e9xitos del jazz, blues, soul, pop, rock y cine musical con versiones y arreglos vocales propios. Ofrece al p\u00fablico una experiencia singular y creativa con un toque de humor.<\/p>\n\n\n\n<p>Su actividad no ha cesado desde su fundaci\u00f3n siendo grupo invitado en principales eventos culturales tanto nacionales como internacionales.<\/p>\n\n\n\n<p>&#8220;<a href=\"https:\/\/open.spotify.com\/intl-de\/album\/7lgEm76jDuk2sShaZvCSQ5\" data-type=\"link\" data-id=\"https:\/\/open.spotify.com\/intl-de\/album\/7lgEm76jDuk2sShaZvCSQ5\">sietem\u00e1suno<\/a>&#8221; es su primer album de estudio y &#8220;<a href=\"https:\/\/open.spotify.com\/intl-de\/album\/09zAdkSyrTHyGmHpRbYhxT\">Sobre el tiempo<\/a>&#8221; su \u00faltimo EP.<\/p>\n\n\n\n<div style=\"height:50px\" aria-hidden=\"true\" class=\"wp-block-spacer\"><\/div>\n\n\n\n<h2 class=\"wp-block-heading\">Contacto<\/h2>\n\n\n\n<p><a href=\"tel:34656186591\">+34 656 186 591<\/a> \/ <a href=\"tel:34665095984\">+34 665 095 984<\/a><\/p>\n\n\n\n<div class=\"wp-block-buttons is-layout-flex wp-block-buttons-is-layout-flex\">\n<div class=\"wp-block-button\"><a class=\"wp-block-button__link has-contrast-color has-text-color has-background has-link-color wp-element-button\" href=\"https:\/\/linktr.ee\/sietemasuno?utm_source=linktree_profile_share&amp;ltsid=984b9f46-459b-4c77-bb35-5fc8ba3e5894\" style=\"border-radius:5px;background-color:#ea7100;padding-top:var(--wp--preset--spacing--20);padding-right:var(--wp--preset--spacing--30);padding-bottom:var(--wp--preset--spacing--20);padding-left:var(--wp--preset--spacing--30)\">Siguenos en redes<\/a><\/div>\n<\/div>\n","protected":false},"excerpt":{"rendered":"<p>Sietem\u00e1suno es un grupo vocal a cappela que naci\u00f3 en 2012 en Granada. Interpreta grandes \u00e9xitos del jazz, blues, soul, pop, rock y cine musical con versiones y arreglos vocales propios. Ofrece al p\u00fablico una experiencia singular y creativa con un toque de humor. Su actividad no ha cesado desde su fundaci\u00f3n siendo grupo invitado [&hellip;]<\/p>\n","protected":false},"author":1,"featured_media":0,"parent":0,"menu_order":0,"comment_status":"closed","ping_status":"closed","template":"page-no-title","meta":{"footnotes":""},"class_list":["post-2","page","type-page","status-publish","hentry"],"yoast_head":"<!-- This site is optimized with the Yoast SEO plugin v25.6 - https:\/\/yoast.com\/wordpress\/plugins\/seo\/ -->\n<title>Inicio - sietem\u00e1suno<\/title>\n<meta name=\"description\" content=\"Sietem\u00e1suno - Grupo vocal a cappella de Granada. Jazz, blues, soul, pop y rock con arreglos \u00fanicos. Eventos culturales nacionales e internacionales desde 2012.\" \/>\n<meta name=\"robots\" content=\"index, follow, max-snippet:-1, max-image-preview:large, max-video-preview:-1\" \/>\n<link rel=\"canonical\" href=\"https:\/\/sietemasuno.com\/\" \/>\n<meta property=\"og:locale\" content=\"en_US\" \/>\n<meta property=\"og:type\" content=\"article\" \/>\n<meta property=\"og:title\" content=\"Inicio - sietem\u00e1suno\" \/>\n<meta property=\"og:description\" content=\"Sietem\u00e1suno - Grupo vocal a cappella de Granada. Jazz, blues, soul, pop y rock con arreglos \u00fanicos. Eventos culturales nacionales e internacionales desde 2012.\" \/>\n<meta property=\"og:url\" content=\"https:\/\/sietemasuno.com\/\" \/>\n<meta property=\"og:site_name\" content=\"sietem\u00e1suno\" \/>\n<meta property=\"article:modified_time\" content=\"2025-08-11T09:00:37+00:00\" \/>\n<meta property=\"og:image\" content=\"https:\/\/sietemasuno.com\/wp-content\/uploads\/2025\/08\/2022-020-71-194-scaled.jpg\" \/>\n\t<meta property=\"og:image:width\" content=\"2560\" \/>\n\t<meta property=\"og:image:height\" content=\"1707\" \/>\n\t<meta property=\"og:image:type\" content=\"image\/jpeg\" \/>\n<meta name=\"twitter:card\" content=\"summary_large_image\" \/>\n<meta name=\"twitter:label1\" content=\"Est. reading time\" \/>\n\t<meta name=\"twitter:data1\" content=\"1 minute\" \/>\n<script type=\"application\/ld+json\" class=\"yoast-schema-graph\">{\"@context\":\"https:\/\/schema.org\",\"@graph\":[{\"@type\":\"WebPage\",\"@id\":\"https:\/\/sietemasuno.com\/\",\"url\":\"https:\/\/sietemasuno.com\/\",\"name\":\"Inicio - sietem\u00e1suno\",\"isPartOf\":{\"@id\":\"https:\/\/sietemasuno.com\/#website\"},\"primaryImageOfPage\":{\"@id\":\"https:\/\/sietemasuno.com\/#primaryimage\"},\"image\":{\"@id\":\"https:\/\/sietemasuno.com\/#primaryimage\"},\"thumbnailUrl\":\"https:\/\/sietemasuno.com\/wp-content\/uploads\/2025\/08\/2022-020-71-194-1024x683.jpg\",\"datePublished\":\"2025-08-10T10:28:23+00:00\",\"dateModified\":\"2025-08-11T09:00:37+00:00\",\"description\":\"Sietem\u00e1suno - Grupo vocal a cappella de Granada. Jazz, blues, soul, pop y rock con arreglos \u00fanicos. Eventos culturales nacionales e internacionales desde 2012.\",\"breadcrumb\":{\"@id\":\"https:\/\/sietemasuno.com\/#breadcrumb\"},\"inLanguage\":\"en-US\",\"potentialAction\":[{\"@type\":\"ReadAction\",\"target\":[\"https:\/\/sietemasuno.com\/\"]}]},{\"@type\":\"ImageObject\",\"inLanguage\":\"en-US\",\"@id\":\"https:\/\/sietemasuno.com\/#primaryimage\",\"url\":\"https:\/\/sietemasuno.com\/wp-content\/uploads\/2025\/08\/2022-020-71-194-scaled.jpg\",\"contentUrl\":\"https:\/\/sietemasuno.com\/wp-content\/uploads\/2025\/08\/2022-020-71-194-scaled.jpg\",\"width\":2560,\"height\":1707},{\"@type\":\"BreadcrumbList\",\"@id\":\"https:\/\/sietemasuno.com\/#breadcrumb\",\"itemListElement\":[{\"@type\":\"ListItem\",\"position\":1,\"name\":\"Home\",\"item\":\"https:\/\/sietemasuno.com\/\"},{\"@type\":\"ListItem\",\"position\":2,\"name\":\"Inicio\"}]},{\"@type\":\"WebSite\",\"@id\":\"https:\/\/sietemasuno.com\/#website\",\"url\":\"https:\/\/sietemasuno.com\/\",\"name\":\"sietem\u00e1suno\",\"description\":\"Grupo vocal a cappella\",\"publisher\":{\"@id\":\"https:\/\/sietemasuno.com\/#organization\"},\"potentialAction\":[{\"@type\":\"SearchAction\",\"target\":{\"@type\":\"EntryPoint\",\"urlTemplate\":\"https:\/\/sietemasuno.com\/?s={search_term_string}\"},\"query-input\":{\"@type\":\"PropertyValueSpecification\",\"valueRequired\":true,\"valueName\":\"search_term_string\"}}],\"inLanguage\":\"en-US\"},{\"@type\":\"Organization\",\"@id\":\"https:\/\/sietemasuno.com\/#organization\",\"name\":\"sietem\u00e1suno\",\"url\":\"https:\/\/sietemasuno.com\/\",\"logo\":{\"@type\":\"ImageObject\",\"inLanguage\":\"en-US\",\"@id\":\"https:\/\/sietemasuno.com\/#\/schema\/logo\/image\/\",\"url\":\"https:\/\/sietemasuno.com\/wp-content\/uploads\/2025\/08\/Screenshot-2025-08-10-141532-1.png\",\"contentUrl\":\"https:\/\/sietemasuno.com\/wp-content\/uploads\/2025\/08\/Screenshot-2025-08-10-141532-1.png\",\"width\":1368,\"height\":488,\"caption\":\"sietem\u00e1suno\"},\"image\":{\"@id\":\"https:\/\/sietemasuno.com\/#\/schema\/logo\/image\/\"}}]}<\/script>\n<!-- \/ Yoast SEO plugin. -->","yoast_head_json":{"title":"Inicio - sietem\u00e1suno","description":"Sietem\u00e1suno - Grupo vocal a cappella de Granada. Jazz, blues, soul, pop y rock con arreglos \u00fanicos. Eventos culturales nacionales e internacionales desde 2012.","robots":{"index":"index","follow":"follow","max-snippet":"max-snippet:-1","max-image-preview":"max-image-preview:large","max-video-preview":"max-video-preview:-1"},"canonical":"https:\/\/sietemasuno.com\/","og_locale":"en_US","og_type":"article","og_title":"Inicio - sietem\u00e1suno","og_description":"Sietem\u00e1suno - Grupo vocal a cappella de Granada. Jazz, blues, soul, pop y rock con arreglos \u00fanicos. Eventos culturales nacionales e internacionales desde 2012.","og_url":"https:\/\/sietemasuno.com\/","og_site_name":"sietem\u00e1suno","article_modified_time":"2025-08-11T09:00:37+00:00","og_image":[{"width":2560,"height":1707,"url":"https:\/\/sietemasuno.com\/wp-content\/uploads\/2025\/08\/2022-020-71-194-scaled.jpg","type":"image\/jpeg"}],"twitter_card":"summary_large_image","twitter_misc":{"Est. reading time":"1 minute"},"schema":{"@context":"https:\/\/schema.org","@graph":[{"@type":"WebPage","@id":"https:\/\/sietemasuno.com\/","url":"https:\/\/sietemasuno.com\/","name":"Inicio - sietem\u00e1suno","isPartOf":{"@id":"https:\/\/sietemasuno.com\/#website"},"primaryImageOfPage":{"@id":"https:\/\/sietemasuno.com\/#primaryimage"},"image":{"@id":"https:\/\/sietemasuno.com\/#primaryimage"},"thumbnailUrl":"https:\/\/sietemasuno.com\/wp-content\/uploads\/2025\/08\/2022-020-71-194-1024x683.jpg","datePublished":"2025-08-10T10:28:23+00:00","dateModified":"2025-08-11T09:00:37+00:00","description":"Sietem\u00e1suno - Grupo vocal a cappella de Granada. Jazz, blues, soul, pop y rock con arreglos \u00fanicos. Eventos culturales nacionales e internacionales desde 2012.","breadcrumb":{"@id":"https:\/\/sietemasuno.com\/#breadcrumb"},"inLanguage":"en-US","potentialAction":[{"@type":"ReadAction","target":["https:\/\/sietemasuno.com\/"]}]},{"@type":"ImageObject","inLanguage":"en-US","@id":"https:\/\/sietemasuno.com\/#primaryimage","url":"https:\/\/sietemasuno.com\/wp-content\/uploads\/2025\/08\/2022-020-71-194-scaled.jpg","contentUrl":"https:\/\/sietemasuno.com\/wp-content\/uploads\/2025\/08\/2022-020-71-194-scaled.jpg","width":2560,"height":1707},{"@type":"BreadcrumbList","@id":"https:\/\/sietemasuno.com\/#breadcrumb","itemListElement":[{"@type":"ListItem","position":1,"name":"Home","item":"https:\/\/sietemasuno.com\/"},{"@type":"ListItem","position":2,"name":"Inicio"}]},{"@type":"WebSite","@id":"https:\/\/sietemasuno.com\/#website","url":"https:\/\/sietemasuno.com\/","name":"sietem\u00e1suno","description":"Grupo vocal a cappella","publisher":{"@id":"https:\/\/sietemasuno.com\/#organization"},"potentialAction":[{"@type":"SearchAction","target":{"@type":"EntryPoint","urlTemplate":"https:\/\/sietemasuno.com\/?s={search_term_string}"},"query-input":{"@type":"PropertyValueSpecification","valueRequired":true,"valueName":"search_term_string"}}],"inLanguage":"en-US"},{"@type":"Organization","@id":"https:\/\/sietemasuno.com\/#organization","name":"sietem\u00e1suno","url":"https:\/\/sietemasuno.com\/","logo":{"@type":"ImageObject","inLanguage":"en-US","@id":"https:\/\/sietemasuno.com\/#\/schema\/logo\/image\/","url":"https:\/\/sietemasuno.com\/wp-content\/uploads\/2025\/08\/Screenshot-2025-08-10-141532-1.png","contentUrl":"https:\/\/sietemasuno.com\/wp-content\/uploads\/2025\/08\/Screenshot-2025-08-10-141532-1.png","width":1368,"height":488,"caption":"sietem\u00e1suno"},"image":{"@id":"https:\/\/sietemasuno.com\/#\/schema\/logo\/image\/"}}]}},"_links":{"self":[{"href":"https:\/\/sietemasuno.com\/index.php?rest_route=\/wp\/v2\/pages\/2","targetHints":{"allow":["GET"]}}],"collection":[{"href":"https:\/\/sietemasuno.com\/index.php?rest_route=\/wp\/v2\/pages"}],"about":[{"href":"https:\/\/sietemasuno.com\/index.php?rest_route=\/wp\/v2\/types\/page"}],"author":[{"embeddable":true,"href":"https:\/\/sietemasuno.com\/index.php?rest_route=\/wp\/v2\/users\/1"}],"replies":[{"embeddable":true,"href":"https:\/\/sietemasuno.com\/index.php?rest_route=%2Fwp%2Fv2%2Fcomments&post=2"}],"version-history":[{"count":16,"href":"https:\/\/sietemasuno.com\/index.php?rest_route=\/wp\/v2\/pages\/2\/revisions"}],"predecessor-version":[{"id":46,"href":"https:\/\/sietemasuno.com\/index.php?rest_route=\/wp\/v2\/pages\/2\/revisions\/46"}],"wp:attachment":[{"href":"https:\/\/sietemasuno.com\/index.php?rest_route=%2Fwp%2Fv2%2Fmedia&parent=2"}],"curies":[{"name":"wp","href":"https:\/\/api.w.org\/{rel}","templated":true}]}}